e b(-1).
-26
Let n(z) = 6*z - 7. Determine n(4).
17
Let x(f) = -2*f**3 + 11*f**2 + 6*f + 2. Give x(6).
2
Let v(j) = j**3 + 11*j**2 + j + 4. Calculate v(-11).
-7
Let r(g) = g**3 + 11*g**2 + 12*g. Give r(-10).
-20
Let b(f) = f**2 + 20*f + 23. Calculate b(-18).
-13
Let t(k) = -k**3 - 6*k**2 + 7*k - 7. Determine t(-7).
-7
Let v(r) = -3*r**2 + 8*r - 16. What is v(5)?
-51
Let s(w) = w**2 + 20*w + 55. Give s(-12).
-41
Let z(x) = -x**2 + 4*x - 1. Give z(5).
-6
Let r(f) = -f**3 - 49*f**2 - 2*f - 98. Calculate r(-49).
0
Let h(g) = -3*g**2 - 43*g - 14. What is h(-14)?
0
Let b(j) = -j**3 + 5*j**2 + 4*j + 5. What is b(6)?
-7
Let a(z) = -z**3 - z**2. Give a(-3).
18
Let f(y) = -y**2 + 6*y + 19. What is f(7)?
12
Let r(z) = 8*z + 76. What is r(-19)?
-76
Let f(j) = 3*j + 37. Give f(-14).
-5
Let y(x) = 2*x**2 + 6*x - 1012. Calculate y(21).
-4
Let z(p) = -p - 5. What is z(-6)?
1
Let l(x) = -2*x**2 + 26*x - 32. Calculate l(11).
12
Let f(l) = -16*l + 33. What is f(6)?
-63
Let x(r) = 4*r**2 - 12*r - 31. Determine x(-2).
9
Let s(a) = 8*a + 3. What is s(3)?
27
Let g(b) = -b**2 + 41*b + 134. Calculate g(44).
2
Let i(f) = -21*f. What is i(-1)?
21
Let k(g) = 11*g + 6. Calculate k(-4).
-38
Let a(y) = -y**2 - 23*y - 29. Calculate a(-22).
-7
Let h(r) = -3*r**2 - 85*r - 34. Calculate h(-28).
-6
Let d(n) = -104*n + 10. Calculate d(-2).
218
Let w(g) = g**3 + 6*g**2 + g - 7. What is w(-3)?
17
Let y(b) = -b**3 - 14*b**2 + 14*b - 16. Give y(-15).
-1
Let i(w) = 8*w - 33. Calculate i(4).
-1
Let t(r) = 6*r**2 + r. What is t(1)?
7
Let z(u) = -9*u + 48. Give z(6).
-6
Let u(t) = 3*t + 7. Calculate u(-8).
-17
Let n(c) = c**3 - 9*c**2 - 10*c - 8. Determine n(10).
-8
Let i(q) = 183*q + 5. Determine i(-1).
-178
Let o(f) = 3*f - 27. Determine o(16).
21
Let d(t) = 50*t**3 - 2*t**2 - t + 1. Give d(1).
48
Let p(a) = 3*a**3 - 2*a**2 + a + 1. Determine p(-1).
-5
Let l(m) = m**3 - 31*m**2 - 64*m - 44. Determine l(33).
22
Let c(n) = 25*n**2 - 2*n - 1. Determine c(-1).
26
Let a(d) = -129*d**2 + d. Calculate a(1).
-128
Let v(d) = 27*d + 86. What is v(-3)?
5
Let c(o) = -o**2 + 12*o - 34. What is c(6)?
2
Let c(s) = -s**3 - 8*s**2 - 4*s. Calculate c(-3).
-33
Let l(x) = x**3 - 6*x**2 + 2*x + 4. Determine l(5).
-11
Let q(n) = n**3 + 6*n**2 + 5*n - 2. Calculate q(-5).
-2
Let j(v) = 8*v + 74. Determine j(-10).
-6
Let k(c) = 6*c. Calculate k(5).
30
Let b(v) = v**3 - 7*v**2 - 3*v + 14. Calculate b(7).
-7
Let d(r) = r**2 + 15*r - 7. Give d(-12).
-43
Let v(z) = -253*z + 1016. Calculate v(4).
4
Let o(c) = 8*c**2 + 4*c + 5. Calculate o(-2).
29
Let c(w) = 4*w**3 - 2*w**2 - 3*w - 1. Give c(-1).
-4
Let f(j) = -j - 7. Give f(-6).
-1
Let c(h) = h**2 - 17*h + 31. Determine c(10).
-39
Let n(r) = 46*r - 242. What is n(5)?
-12
Let j(n) = -n**2 + 14*n - 33. Determine j(3).
0
Let h(k) = 3*k**3 - 12*k**2 + 3*k - 5. Calculate h(4).
7
Let k(i) = i**2 - 17. What is k(-4)?
-1
Let f(k) = -k**2 + 5*k + 16. Calculate f(8).
-8
Let l(t) = -3*t + 16. Give l(9).
-11
Let m(k) = k**2 + 8*k - 16. Give m(-10).
4
Let d(f) = -3*f**2 - 9*f - 13. Calculate d(-2).
-7
Let m(j) = j**2 + 3*j + 6. What is m(0)?
6
Let p(z) = z**3 - 3*z - 2. Give p(3).
16
Let w(u) = -u**3 + 4*u**2 + 3*u - 5. Give w(4).
7
Let t(j) = 2*j**2 + 9*j + 2. Determine t(-4).
-2
Let x(n) = n**2 - 10*n - 27. Determine x(11).
-16
Let v(f) = 28*f + 9. Calculate v(2).
65
Let l(m) = -18*m - 184. Determine l(-11).
14
Let a(f) = f**3 - 6*f**2 + f + 6. Calculate a(5).
-14
Let j(f) = -2*f**3 + 4*f**2 - f - 2. Give j(2).
-4
Let r(q) = q**3 + 8*q**2 - 8*q - 12. Calculate r(-8).
52
Let m(a) = 4*a - 10. Give m(12).
38
Let i(k) = k**3 + 12*k**2 - 3*k - 22. What is i(-12)?
14
Let b(a) = -6*a + 99. Give b(16).
3
Let u(i) = -10*i**3 + 3*i**2 + i - 1. What is u(-1)?
11
Let n(f) = f**3 + 7*f**2 + 4*f + 10. Calculate n(-7).
-18
Let w(k) = -k + 8. Determine w(10).
-2
Let a(z) = 9*z - 5. Determine a(4).
31
Let b(d) = d**2 - 9*d + 7. Give b(12).
43
Let s(l) = -21*l + 102. Calculate s(6).
-24
Let v(p) = p + 38. Give v(3).
41
Let z(a) = a**2 - 10*a - 6. What is z(10)?
-6
Let p(r) = 12*r + 137. Determine p(-9).
29
Let f(x) = x**3 + 5*x**2 - x - 10. What is f(-5)?
-5
Let v(i) = 2*i**2 - 26*i + 28. Determine v(12).
4
Let m(g) = g**2 - 12*g + 23. Determine m(10).
3
Let m(n) = -n**3 + 10*n**2 - 2*n - 19. Calculate m(10).
-39
Let h(a) = -5*a**2 - 30*a - 4. Determine h(-6).
-4
Let y(q) = -q**2 + 2*q - 4. Give y(-2).
-12
Let s(q) = -32*q + 22. What is s(1)?
-10
Let o(r) = -15*r**2 - 10*r - 8. What is o(-1)?
-13
Let c(n) = -n**2 + 21*n - 9. Calculate c(21).
-9
Let s(f) = 3*f**3 - 1. Give s(1).
2
Let p(o) = 2*o**3 + 17*o**2 - 7. Give p(-8).
57
Let x(w) = 6*w + 3. Calculate x(-4).
-21
Let i(c) = -c**3 - 5*c**2 + 4*c + 8. Calculate i(3).
-52
Let r(n) = n**2 - 19*n + 76. Calculate r(6).
-2
Let m(y) = -2*y - 6. What is m(2)?
-10
Let j(p) = -4*p**2 + 3*p - 4. Give j(3).
-31
Let n(t) = -t**3 - 2*t**2 + 9*t - 6. Determine n(-5).
24
Let n(o) = -o**2 + 20*o + 36. Give n(22).
-8
Let s(o) = o**2 - 10*o + 2. What is s(8)?
-14
Let k(f) = f + 27. Determine k(17).
44
Let z(k) = k**3 - 31*k**2 + 32*k - 57. What is z(30)?
3
Let s(d) = d + 1. What is s(-8)?
-7
Let c(k) = -k**3 - 5*k**2 - k + 107. Calculate c(0).
107
Let c(a) = -4*a**2 + 36*a - 13. Determine c(9).
-13
Let b(d) = 16*d + 1. What is b(-1)?
-15
Let g(l) = l**3 - 10*l**2 + 9*l - 90. What is g(10)?
0
Let m(i) = -7*i + 12. Calculate m(-6).
54
Let q(t) = -t**2 + 3. Calculate q(-4).
-13
Let c(j) = 3*j + 12. Calculate c(-4).
0
Let b(w) = 48*w**2 - w - 1. Determine b(-2).
193
Let d(l) = l**3 - 4*l**2 - 5*l - 2. Give d(4).
-22
Let s(h) = -h**2 + 6*h + 4. What is s(5)?
9
Let u(k) = k**3 - 13*k**2 - 15*k + 22. Determine u(14).
8
Let n(j) = j**3 + 11*j**2 + 9*j - 6. Determine n(-10).
4
Let c(l) = l**3 + 29*l**2 + 55*l + 21. What is c(-27)?
-6
Let y(j) = -j - 5. What is y(5)?
-10
Let q(j) = -j**2 + 6*j + 2. Determine q(5).
7
Let z(r) = r**3 - 4*r**2 + 7*r - 5. Calculate z(2).
1
Let r(x) = -x**2 - 5*x - 6. Calculate r(-4).
-2
Let u(r) = r**3 - 12*r**2 + 20*r. Give u(10).
0
Let d(v) = 5*v**2 + 36*v. Give d(-7).
-7
Let x(h) = 8*h**2 + 41*h + 17. Give x(-5).
12
Let h(q) = q**3 - q**2 - 5*q + 5. Determine h(3).
8
Let k(c) = -c**2 + 15*c - 18. Give k(8).
38
Let o(z) = -z**3 - 8*z**2 + 9*z + 31. Determine o(-9).
31
Let j(r) = -r**3 - 3*r**2 - 7*r - 5. Calculate j(-3).
16
Let l(g) = g**2 - 2*g - 9. What is l(4)?
-1
Let z(b) = 2*b**2 + 8*b + 10. What is z(-4)?
10
Let n(s) = s**2 + 27*s + 53. Determine n(-24).
-19
Let a(r) = r**3 - 14*r + 2. Give a(-5).
-53
Let i(p) = -15*p - 31. Determine i(-5).
44
Let a(o) = -o**2 - 16*o - 27. Determine a(-13).
12
Let y(n) = 14*n**3 - 2*n**2 - 5*n - 4. Calculate y(-1).
-15
Let z(f) = f**2 + 6*f. Determine z(-7).
7
Let y(t) = t**2 - 8*t - 46. Determine y(13).
19
Let i(m) = -m**3 - 8*m**2 + 9. Determine i(-8).
9
Let d(a) = a**3 + 7*a**2 + 3*a + 14. Determine d(-7).
-7
Let q(k) = k**3 + 17*k**2 - 19*k - 13. What is q(-18)?
5
Let z(r) = -5*r**3 - r**2 - 2*r - 2. Determine z(2).
-50
Let s(o) = -3*o**2 - 36*o - 38. Calculate s(-11).
-5
Let j(s) = -s**2 - 8*s + 32. Calculate j(4).
-16
Let y(a) = -28*a**2 + 4*a - 4. Calculate y(1).
-28
Let l(j) = -18*j - 180. Give l(-10).
0
Let p(y) = 2*y**3 + y**2 - 9*y + 8. Determine p(3).
44
Let h(o) = -o**3 + 9*o**2 + 20*o + 18. What is h(11)?
-4
Let j(s) = 8*s + 4. Give j(-4).
-28
Let f(w) = w**3 + 10*w**2 - 11*w + 5. Give f(-11).
5
Let v(a) = -a + 8. Determine v(0).
8
Let u(l) = -l**2 - l - 16. What is u(0)?
-16
Let z(l) = 2*l**2 - 36*l + 25. Give z(18).
25
Let f(b) = b**3 - 5*b**2 - 2*b + 8. Give f(5).
-2
Let h(t) = -t**2 - 5*t - 17. What is h(-7)?
-31
Let q(d) = 2*d**2 - 4. Determine q(4).
28
Let z(r) = -r**3 + 3*r**2 - 104*r + 320. Calculate z(3).
8
Let d(x) = -x - 7. Determine d(-9).
2
Let j(p) = -p**2 - 11*p + 20. Determine j(-13).
-6
Let f(x) = -13*x - 5. What is f(3)?
-44
Let z(i) = 5*i + 5. Give z(-2).
-5
Let g(s) = -23*s**2 + 2*s - 2. Determine g(1).
-23
Let u(a) = -a**2 - 9*a + 2. Give u(-13).
-50
Let b(h) = -h**2 + 7*h + 14. What is b(7)?
14
Let j(m) = -6*m**2 + 28*m + 10. Give j(5).
0
Let u(v) = -v + 1. Give u(7).
-6
Let h(d) = 2*d + 49. Calculate h(-8).
33
Let v(o) = o**2 - 8*o - 70. Determine v(-5).
-5
Let b(v) = -v**3 + 10*v**2 - 8*v + 1. Calculate b(9).
10
Let u(y) = -10*y + 190. Calculate u(15).
40
